prime number?
True
Is 327966319 composite?
False
Is 38271281 composite?
False
Is 46249871 a prime number?
True
Is 84244547 composite?
True
Is 87313703 composite?
False
Is 54956593 composite?
False
Is 1057169 a composite number?
True
Is 7461722 a prime number?
False
Is 6086107 composite?
True
Is 14905603 a prime number?
True
Is 152197 composite?
False
Is 970376035 prime?
False
Is 19725049 a prime number?
False
Is 40025009 composite?
True
Is 4169083 a prime number?
True
Is 50189483 composite?
False
Is 180298793 composite?
False
Is 1042819 a composite number?
False
Is 159105301 composite?
False
Is 34578538 a prime number?
False
Is 371927 composite?
False
Is 57977357 a prime number?
True
Is 784723 a composite number?
False
Is 1758859 prime?
False
Is 5483173 a composite number?
False
Is 26439353 a prime number?
True
Is 62981921 a prime number?
True
Is 35318414 prime?
False
Is 2035237 composite?
False
Is 499559329 prime?
True
Is 6230327 composite?
True
Is 65974471 a composite number?
False
Is 68695423 a composite number?
True
Is 13484087 prime?
False
Is 73314911 composite?
False
Is 5645993 prime?
False
Is 2676467 prime?
True
Is 33231677 a prime number?
False
Is 25593977 a composite number?
False
Is 59915099 composite?
True
Is 3068333 a composite number?
False
Is 28120367 a prime number?
False
Is 37725341 prime?
True
Is 122155279 a prime number?
False
Is 528797489 a prime number?
False
Is 180012941 prime?
True
Is 61677671 composite?
True
Is 7302553 composite?
False
Is 1293367 composite?
False
Is 64228199 a prime number?
False
Is 27898309 a composite number?
True
Is 57163083 a composite number?
True
Is 5803159 a prime number?
False
Is 37411861 a prime number?
False
Is 1299873667 prime?
True
Is 1611133 prime?
False
Is 7155961 a composite number?
False
Is 6772173 composite?
True
Is 12300383 a composite number?
False
Is 146130023 composite?
True
Is 6043535 a prime number?
False
Is 141431 a prime number?
False
Is 8117457 a composite number?
True
Is 79282213 a prime number?
False
Is 498121747 a prime number?
False
Is 59335 a prime number?
False
Is 31534 prime?
False
Is 22920979 prime?
True
Is 1470233 composite?
False
Is 196471753 a prime number?
True
Is 1931789 prime?
True
Is 9650341 prime?
True
Is 145787 composite?
True
Is 34907007 a composite number?
True
Is 78521533 a prime number?
True
Is 47229251 a composite number?
False
Is 11865463 prime?
False
Is 281294197 prime?
True
Is 30036607 a composite number?
True
Is 10404929 composite?
True
Is 141518357 composite?
True
Is 62895913 a composite number?
True
Is 80336801 composite?
True
Is 85848059 a composite number?
True
Is 1711595 a prime number?
False
Is 279069031 a composite number?
True
Is 170862367 a prime number?
False
Is 62130259 prime?
True
Is 2465465 composite?
True
Is 1075166 prime?
False
Is 4820419 a composite number?
False
Is 29678053 a prime number?
True
Is 87769973 prime?
True
Is 1516927 a composite number?
True
Is 9341803 a composite number?
False
Is 430813 a composite number?
True
Is 160947937 a prime number?
True
Is 18915409 composite?
True
Is 9732293 prime?
False
Is 9678401 composite?
False
Is 36366643 a composite number?
False
Is 2190781 prime?
False
Is 28020149 prime?
False
Is 1413151 composite?
True
Is 36718267 a composite number?
False
Is 31738067 composite?
False
Is 361479523 a composite number?
True
Is 411674 a prime number?
False
Is 186215 composite?
True
Is 46886887 a prime number?
False
Is 5969681 a prime number?
True
Is 989981 a prime number?
True
Is 28226071 a composite number?
False
Is 29778667 a composite number?
True
Is 2259281 composite?
False
Is 31735007 prime?
False
Is 11307211 composite?
False
Is 230534651 composite?
False
Is 20605619 a prime number?
False
Is 1441949 prime?
True
Is 16418707 composite?
False
Is 3358297 composite?
False
Is 487970689 a prime number?
False
Is 332092529 composite?
False
Is 1509491 a prime number?
True
Is 51059509 prime?
True
Is 8771083 prime?
False
Is 37165981 prime?
True
Is 56323979 prime?
False
Is 5466371 composite?
True
Is 1151587 composite?
True
Is 29963831 composite?
True
Is 273335239 a prime number?
True
Is 73904609 a composite number?
True
Is 18755393 prime?
False
Is 1422919 prime?
False
Is 928709 prime?
False
Is 171766915 a prime number?
False
Is 8205469 composite?
True
Is 125770117 a prime number?
False
Is 37709387 a composite number?
True
Is 547531687 composite?
True
Is 12624617 a composite number?
False
Is 248961437 prime?
False
Is 17284769 a prime number?
False
Is 9207307 a prime number?
True
Is 16260883 a prime number?
True
Is 2310013 prime?
False
Is 50063 composite?
True
Is 12127957 a composite number?
False
Is 58968407 a composite number?
False
Is 303133 a composite number?
True
Is 1046740259 a composite number?
False
Is 2473561 prime?
False
Is 15601693 composite?
True
Is 1662487 a composite number?
False
Is 2239453 prime?
True
Is 116867171 a composite number?
True
Is 1364863 a prime number?
False
Is 195425501 prime?
True
Is 79368551 a prime number?
True
Is 37205237 a prime number?
False
Is 5204977 a composite number?
False
Is 1448131 composite?
True
Is 284824553 composite?
True
Is 46139683 a prime number?
False
Is 1025989 a prime number?
False
Is 804719 composite?
True
Is 21624521 composite?
True
Is 224953613 composite?
False
Is 14511899 a prime number?
False
Is 7166791 a prime number?
True
Is 7112279 a prime number?
False
Is 62444321 composite?
False
Is 720053 composite?
False
Is 5041601 composite?
False
Is 53627957 a prime number?
True
Is 929737 prime?
True
Is 456474706 composite?
True
Is 11994001 a composite number?
False
Is 1989877 prime?
True
Is 10027523 composite?
True
Is 3012331 composite?
True
Is 88383199 a composite number?
True
Is 2840227 composite?
True
Is 738515 composite?
True
Is 3050419 prime?
True
Is 421752379 prime?
True
Is 70522133 prime?
False
Is 1445687 composite?
False
Is 91094561 composite?
False
Is 3685049 prime?
True
Is 3591751 a prime number?
False
Is 4299089 composite?
False
Is 2659939 a composite number?
True
Is 44342794 a composite number?
True
Is 6534167 a prime number?
False
Is 57883517 composite?
False
Is 296977 prime?
False
Is 185040521 a prime number?
True
Is 21676643 a composite number?
False
Is 14088881 prime?
False
Is 2223355 prime?
False
Is 54972091 a prime number?
True
Is 6906461 a prime number?
True
Is 62638341 a prime number?
False
Is 44098973 composite?
False
Is 21975223 a composite number?
True
Is 437186863 prime?
False
Is 19915133 a prime number?
False
Is 57471317 a prime number?
True
Is 15550753 a composite number?
False
Is 183753179 composite?
False
Is 31539169 prime?
False
Is 618174043 composite?
True
Is 80776643 a composite number?
False
Is 37199 a prime number?
True
Is 115963 a prime number?
True
Is 5344483 a composite number?
True
Is 8283371 a composite number?
False
Is 191164877 prime?
True
Is 14897687 a prime number?
False
Is 49916729 a composite number?
False
Is 598463623 a prime number?
True
Is 474379 a prime number?
True
Is 1714211 a prime number?
True
Is 16233457 composite?
False
Is 7023986 a composite number?
True
Is 188021 prime?
True
Is 561787315 a prime number?
False
Is 10918163 a prime number?
True
Is 33051607 prime?
True
Is 3458987 prime?
False
Is 205043 prime?
True
Is 836291 prime?
True
Is 35200933 composite?
False
Is 322807 composite?
False
Is 596655871 composite?
True
Is 638117 a prime number?
True
Is 15252691 composite?
False
Is 16149143 a composite number?
True
Is 15134557 a composite number?
True
Is 1192738 composite?
True
Is 9404393 a composite number?
False
Is 104076883 prime?
False
Is 269346503 a composite number?
True
Is 2149331 prime?
True
Is 2005739 a prime number?
True
Is 3494267 a composite number?
True
Is 11997049 a prime number?
True
Is 15754429 a prime number?
False
Is 11489081 prime?
True
Is 5288539 composite?
False
Is 229918307 composite?
False
Is 236715839 a prime number?
False
Is 16973987 composite?
False
Is 3277943 composite?
False
Is 1024511 prime?
True
Is 403327 prime?
True
Is 173938679 a composite number?
True
Is 4736311 prime?
True
Is 307364951 a composite number?
False
Is 3552667 a composite number?
False
Is 21403229 a composite number?
False
Is 1228837 composite?
False
Is 102415087 a composite number?
True
Is 15875177 composite?
False
Is 